11
List the prime factors of 493.
17, 29
What are the prime factors of 2356?
2, 19, 31
What are the prime factors of 3859?
17, 227
List the prime factors of 2374.
2, 1187
What are the prime factors of 890?
2, 5, 89
What are the prime factors of 6306?
2, 3, 1051
What are the prime factors of 40081?
149, 269
List the prime factors of 2074.
2, 17, 61
List the prime factors of 25435.
5, 5087
What are the prime factors of 1469?
13, 113
What are the prime factors of 10348?
2, 13, 199
List the prime factors of 46004.
2, 7, 31, 53
List the prime factors of 899.
29, 31
What are the prime factors of 170?
2, 5, 17
What are the prime factors of 12995?
5, 23, 113
What are the prime factors of 5017?
29, 173
What are the prime factors of 304?
2, 19
List the prime factors of 12757.
12757
What are the prime factors of 51895?
5, 97, 107
What are the prime factors of 1096?
2, 137
What are the prime factors of 5101?
5101
What are the prime factors of 4883?
19, 257
What are the prime factors of 5580?
2, 3, 5, 31
List the prime factors of 86900.
2, 5, 11, 79
What are the prime factors of 1477?
7, 211
List the prime factors of 55759.
11, 37, 137
List the prime factors of 10037.
10037
What are the prime factors of 862?
2, 431
What are the prime factors of 1737?
3, 193
List the prime factors of 1499.
1499
List the prime factors of 401.
401
List the prime factors of 2598.
2, 3, 433
What are the prime factors of 931?
7, 19
List the prime factors of 35027.
35027
What are the prime factors of 971?
971
What are the prime factors of 21289?
61, 349
List the prime factors of 13686.
2, 3, 2281
List the prime factors of 6120.
2, 3, 5, 17
What are the prime factors of 12604?
2, 23, 137
List the prime factors of 3783.
3, 13, 97
List the prime factors of 655.
5, 131
What are the prime factors of 69503?
7, 9929
What are the prime factors of 50445?
3, 5, 19, 59
What are the prime factors of 7446?
2, 3, 17, 73
List the prime factors of 378.
2, 3, 7
List the prime factors of 2826.
2, 3, 157
List the prime factors of 8493.
3, 19, 149
What are the prime factors of 963?
3, 107
List the prime factors of 1928.
2, 241
List the prime factors of 8828.
2, 2207
What are the prime factors of 46?
2, 23
What are the prime factors of 34726?
2, 97, 179
What are the prime factors of 4551?
3, 37, 41
What are the prime factors of 2126?
2, 1063
List the prime factors of 1712.
2, 107
List the prime factors of 24982.
2, 12491
What are the prime factors of 302?
2, 151
What are the prime factors of 29010?
2, 3, 5, 967
What are the prime factors of 944?
2, 59
List the prime factors of 17995.
5, 59, 61
What are the prime factors of 32?
2
What are the prime factors of 20641?
20641
List the prime factors of 22395.
3, 5, 1493
List the prime factors of 3498.
2, 3, 11, 53
What are the prime factors of 1881?
3, 11, 19
What are the prime factors of 21466?
2, 10733
What are the prime factors of 60512?
2, 31, 61
List the prime factors of 50783.
43, 1181
List the prime factors of 1354.
2, 677
List the prime factors of 4953.
3, 13, 127
What are the prime factors of 5032?
2, 17, 37
What are the prime factors of 7895?
5, 1579
What are the prime factors of 917?
7, 131
What are the prime factors of 13635?
3, 5, 101
List the prime factors of 11360.
2, 5, 71
List the prime factors of 24499.
24499
List the prime factors of 1892.
2, 11, 43
What are the prime factors of 3778?
2, 1889
What are the prime factors of 801?
3, 89
List the prime factors of 10917.
3, 1213
What are the prime factors of 16860?
2, 3, 5, 281
List the prime factors of 8729.
7, 29, 43
What are the prime factors of 1197?
3, 7, 19
What are the prime factors of 1488?
2, 3, 31
List the prime factors of 4115.
5, 823
List the prime factors of 6113.
6113
What are the prime factors of 1315?
5, 263
What are the prime factors of 106693?
106693
What are the prime factors of 13699?
7, 19, 103
What are the prime factors of 1910?
2, 5, 191
List the prime factors of 1052.
2, 263
List the prime factors of 723.
3, 241
List the prime factors of 752.
2, 47
What are the prime factors of 1254?
2, 3, 11, 19
List the prime factors of 56709.
3, 6301
List the prime factors of 1580.
2, 5, 79
What are the prime factors of 20876?
2, 17, 307
List the prime factors of 650.
2, 5, 13
What are the prime factors of 1526?
2, 7, 109
List the prime factors of 177618.
2, 3, 7, 4229
List the prime factors of 8947.
23, 389
What are the prime factors of 69053?
199, 347
What are the prime factors of 10029?
3, 3343
List the prime factors of 2039.
2039
List the prime factors of 653.
653
What are the prime factors of 18670?
2, 5, 1867
List the prime factors of 116446.
2, 11, 67, 79
What are the prime factors of 33790?
2, 5, 31, 109
What are the prime factors of 5649?
3, 7, 269
List the prime factors of 17257.
17257
What are the prime factors of 17809?
11, 1619
List the prime factors of 6499.
67, 97
List the prime factors of 68719.
7, 9817
What are the prime factors of 511?
7, 73
What are the prime factors of 3103?
29, 107
What are the prime factors of 22053?
3, 7351
What are the prime factors of 631?
631
List the prime factors of 298.
2, 149
List the prime factors of 12437.
12437
List the prime factors of 4547.
4547
List the prime factors of 12115.
5, 2423
What are the prime factors of 25594?
2, 67, 191
List the prime factors of 1744.
2, 109
What are the prime factors of 99053?
99053
What are the prime factors of 1229?
1229
What are the prime factors of 52456?
2, 79, 83
List the prime factors of 7111.
13, 547
List the prime factors of 1468.
2, 367
List the prime factors of 20806.
2, 101, 103
List the prime factors of 9957.
3, 3319
List the prime factors of 106559.
23, 41, 113
List the prime factors of 1974.
2, 3, 7, 47
List the prime factors of 4767.
3, 7, 227
List the prime factors of 556.
2, 139
List the prime factors of 6501.
3, 11, 197
List the prime factors of 3667.
19, 193
What are the prime factors of 2707?
2707
List the prime factors of 3479.
7, 71
List the prime factors of 11927.
11927
What are the prime factors of 2426?
2, 1213
List the prime factors of 6652.
2, 1663
What are the prime factors of 33482?
2, 16741
What are the prime factors of 21211?
21211
What are the prime factors of 124?
2, 31
What are the prime factors of 23509?
23509
List the prime factors of 5561.
67, 83
What are the prime factors of 147802?
2, 67, 1103
List the prime factors of 60730.
2, 5, 6073
List the prime factors of 2149.
7, 307
List the prime factors of 2260.
2, 5, 113
What are the prime factors of 17161?
131
List the prime factors of 2332.
2, 11, 53
What are the prime factors of 87178?
2, 7, 13, 479
What are the prime factors of 499?
499
List the prime factors of 985.
5, 197
List the prime factors of 76319.
167, 457
List the prime factors of 863.
863
List the prime factors of 60027.
3, 11, 17, 107
What are the prime factors of 28903?
7, 4129
What are the prime factors of 39997?
23, 37, 47
What are the prime factors of 102613?
7, 107, 137
What are the prime factors of 49410?
2, 3, 5, 61
List the prime factors of 3165.
3, 5, 211
What are the prime factors of 52415?
5, 11, 953
List the prime factors of 738.
2, 3, 41
List the prime factors of 34099.
13, 43, 61
What are the prime factors of 699?
3, 233
List the prime factors of 5913.
3, 73
What are the prime factors of 1289?
1289
What are the prime factors of 64458?
2, 3, 3581
List the prime factors of 4924.
2, 1231
What are the prime factors of 6861?
3, 2287
List the prime factors of 501.
3, 167
What are the prime factors of 936?
2, 3, 13
What are the prime factors of 81067?
7, 37, 313
List the prime factors of 3503.
31, 113
List the prime factors of 570.
2, 3, 5, 19
List the prime factors of 6266.
2, 13, 241
List the prime factors of 9451.
13, 727
What are the prime factors of 8072?
2, 1009
What are the prime factors of 393?
3, 131
List the prime factors of 3191.
3191
What are the prime factors of 16055?
5, 13, 19
What are the prime factors of 37637?
61, 617
List the prime factors of 27942.
2, 3, 4657
What are the prime factors of 6057?
3, 673
What are the prime factors of 17159?
17159
List the prime factors of 13.
13
What are the prime factors of 5070?
2, 3, 5, 13
What are the prime factors of 17001?
3, 1889
List the prime factors of 19429.
19429
What are the pr